{"id":36,"date":"2025-02-25T09:33:23","date_gmt":"2025-02-25T09:33:23","guid":{"rendered":"https:\/\/palyazat.uni-obuda.hu\/palyazatiportal\/register\/"},"modified":"2025-06-18T19:59:34","modified_gmt":"2025-06-18T19:59:34","slug":"register","status":"publish","type":"page","link":"https:\/\/palyazat.uni-obuda.hu\/palyazatiportal\/register\/","title":{"rendered":"P\u00e1ly\u00e1z\u00f3i fel\u00fclet regisztr\u00e1ci\u00f3 a PORT\u00c1LON"},"content":{"rendered":"\n<p>Tisztelt P\u00e1ly\u00e1z\u00f3!<\/p>\n\n\n\n<p>\u00dcdv\u00f6z\u00f6lj\u00fck az \u00d3budai Egyetem Egyetemi Kutat\u00f3i \u00d6szt\u00f6nd\u00edj Programj\u00e1nak (EK\u00d6P) p\u00e1ly\u00e1zatkezel\u0151 \u00e9s b\u00edr\u00e1lati port\u00e1lj\u00e1n!<\/p>\n\n\n\n<p>A regisztr\u00e1ci\u00f3 megkezd\u00e9s\u00e9hez k\u00e9rj\u00fck, t\u00f6ltse ki az al\u00e1bbi adatokat \u00e9s figyelmesen olvassa el az al\u00e1bbi nyilatkozatokat.<\/p>\n\n\n\n<p>Fontos tudnival\u00f3k:<\/p>\n\n\n\n<p>K\u00e9rj\u00fck, \u00fcgyeljen az adatok pontos \u00e9s val\u00f3s\u00e1gnak megfelel\u0151 megad\u00e1s\u00e1ra. A regisztr\u00e1ci\u00f3 v\u00e9gleges\u00edt\u00e9s\u00e9hez az al\u00e1bbi nyilatkozatok elfogad\u00e1sa k\u00f6telez\u0151:<\/p>\n\n\n\n<ul class=\"wp-block-list\">\n<li>A regisztr\u00e1ci\u00f3val kijelentem, hogy az \u00e1ltalam megadott szem\u00e9lyes adatok a val\u00f3s\u00e1gnak megfelelnek.<\/li>\n\n\n\n<li>Tudom\u00e1sul veszem \u00e9s elfogadom, hogy az \u00d3budai Egyetem a megadott szem\u00e9lyes adataimat az adatkezel\u00e9si t\u00e1j\u00e9koztat\u00f3ban foglaltak szerint, a vonatkoz\u00f3 jogszab\u00e1lyok (k\u00fcl\u00f6n\u00f6sen a GDPR \u00e9s a 2011. \u00e9vi CXII. t\u00f6rv\u00e9ny) alapj\u00e1n kezeli.<\/li>\n\n\n\n<li>Kijelentem, hogy az EK\u00d6P p\u00e1ly\u00e1zati ki\u00edr\u00e1st megismertem, az abban foglalt felt\u00e9teleket elfogadom.<\/li>\n<\/ul>\n\n\n\n<p>A regisztr\u00e1ci\u00f3 beny\u00fajt\u00e1s\u00e1val egyidej\u0171leg az adatkezel\u00e9si t\u00e1j\u00e9koztat\u00f3t is elfogadottnak tekintj\u00fck. A t\u00e1j\u00e9koztat\u00f3 el\u00e9rhet\u0151 <a href=\"https:\/\/palyazat.uni-obuda.hu\/palyazatiportal\/wp-content\/uploads\/2025\/06\/Adatkezelesi_tajekoztato_OE_EKOP_2025.pdf\" data-type=\"link\" data-id=\"https:\/\/palyazat.uni-obuda.hu\/palyazatiportal\/wp-content\/uploads\/2025\/06\/Adatkezelesi_tajekoztato_OE_EKOP_2025.pdf\" target=\"_blank\" rel=\"noreferrer noopener\">ide kattintva<\/a>.<\/p>\n\n\n\n<p>\u00dcdv\u00f6zlettel:<br>\u00d3budai Egyetem EK\u00d6P Programcsoport<\/p>\n\n\n\n<hr class=\"wp-block-separator has-alpha-channel-opacity\"\/>\n\n\n\n<p><a id=\"_msocom_1\"><\/a><\/p>\n\n\n\n<div class=\"um um-register um-34\">\n\t<div class=\"um-form\" data-mode=\"register\">\n\t\t<form method=\"post\" action=\"\">\n\t\t\t<div class=\"um-row _um_row_1 \" style=\"margin: 0 0 30px 0;\"><div class=\"um-col-1\"><div  id=\"um_field_34_user_email\" class=\"um-field um-field-text  um-field-user_email um-field-text um-field-type_text\" data-key=\"user_email\"><div class=\"um-field-label\"><label for=\"user_email-34\">E-mail<span class=\"um-req\" title=\"K\u00f6telez\u0151\">*<\/span><\/label><div class=\"um-clear\"><\/div><\/div><div class=\"um-field-area\"><input  autocomplete=\"off\" class=\"um-form-field valid \" type=\"text\" name=\"user_email-34\" id=\"user_email-34\" value=\"\" placeholder=\"\" data-validate=\"unique_email\" data-key=\"user_email\"  aria-invalid=\"false\" \/>\n\n\t\t\t\t\t\t<\/div><\/div><div  id=\"um_field_34_user_password\" class=\"um-field um-field-password  um-field-user_password um-field-password um-field-type_password\" data-key=\"user_password\"><div class=\"um-field-label\"><label for=\"user_password-34\">Jelsz\u00f3<span class=\"um-req\" title=\"K\u00f6telez\u0151\">*<\/span><\/label><div class=\"um-clear\"><\/div><\/div><div class=\"um-field-area\"><div class=\"um-field-area-password\">\n\t\t\t\t\t\t\t\t\t<input class=\"um-form-field valid \" type=\"password\" name=\"user_password-34\" id=\"user_password-34\" value=\"\" placeholder=\"\" data-validate=\"\" data-key=\"user_password\"  aria-invalid=\"false\" \/>\n\t\t\t\t\t\t\t\t\t<span class=\"um-toggle-password\"><i class=\"um-icon-eye\"><\/i><\/span>\n\t\t\t\t\t\t\t\t<\/div>\n\t\t\t\t\t\t\t<\/div><\/div><div  id=\"um_field_34_confirm_user_password\" class=\"um-field um-field-password  um-field-user_password um-field-password um-field-type_password\" data-key=\"confirm_user_password\"><div class=\"um-field-label\"><label for=\"confirm_user_password-34\">Jelsz\u00f3 meger\u0151s\u00edt\u00e9se<span class=\"um-req\" title=\"K\u00f6telez\u0151\">*<\/span><\/label><div class=\"um-clear\"><\/div><\/div><div class=\"um-field-area\"><div class=\"um-field-area-password\"><input class=\"um-form-field valid \" type=\"password\" name=\"confirm_user_password-34\" id=\"confirm_user_password-34\" value=\"\" placeholder=\"Jelsz\u00f3 meger\u0151s\u00edt\u00e9se\" data-validate=\"\" data-key=\"confirm_user_password\"  aria-invalid=\"false\" \/><span class=\"um-toggle-password\"><i class=\"um-icon-eye\"><\/i><\/span><\/div><\/div><\/div><\/div><\/div>\t<input type=\"hidden\" name=\"form_id\" id=\"form_id_34\" value=\"34\" \/>\n\t\t<p class=\"um_request_name\">\n\t\t<label for=\"um_request_34\">Only fill in if you are not human<\/label>\n\t\t<input type=\"hidden\" name=\"um_request\" id=\"um_request_34\" class=\"input\" value=\"\" size=\"25\" autocomplete=\"off\" \/>\n\t<\/p>\n\t<input type=\"hidden\" id=\"_wpnonce\" name=\"_wpnonce\" value=\"6fd11acd74\" \/><input type=\"hidden\" name=\"_wp_http_referer\" value=\"\/palyazatiportal\/wp-json\/wp\/v2\/pages\/36\" \/>\n\t<div class=\"um-col-alt\">\n\n\t\t\n\t\t\t<div class=\"um-left um-half\">\n\t\t\t\t<input type=\"submit\" value=\"Regisztr\u00e1ci\u00f3\" class=\"um-button\" id=\"um-submit-btn\" \/>\n\t\t\t<\/div>\n\t\t\t<div class=\"um-right um-half\">\n\t\t\t\t<a href=\"https:\/\/palyazat.uni-obuda.hu\/palyazatiportal\/login\/\" class=\"um-button um-alt\">\n\t\t\t\t\tBel\u00e9p\u00e9s\t\t\t\t<\/a>\n\t\t\t<\/div>\n\n\t\t\n\t\t<div class=\"um-clear\"><\/div>\n\n\t<\/div>\n\n\t\t\t<\/form>\n\t<\/div>\n<\/div>\n<style>\n\t\t\t.um-34.um {\n\t\t\tmax-width: 450px;\n\t\t}\n\t\t<\/style>\n\n","protected":false},"excerpt":{"rendered":"<p>Tisztelt P\u00e1ly\u00e1z\u00f3! \u00dcdv\u00f6z\u00f6lj\u00fck az \u00d3budai Egyetem Egyetemi Kutat\u00f3i \u00d6szt\u00f6nd\u00edj Programj\u00e1nak (EK\u00d6P) p\u00e1ly\u00e1zatkezel\u0151 \u00e9s b\u00edr\u00e1lati port\u00e1lj\u00e1n! A regisztr\u00e1ci\u00f3 megkezd\u00e9s\u00e9hez k\u00e9rj\u00fck, t\u00f6ltse ki az al\u00e1bbi adatokat \u00e9s figyelmesen olvassa el az al\u00e1bbi nyilatkozatokat. Fontos tudnival\u00f3k: K\u00e9rj\u00fck, \u00fcgyeljen az adatok pontos \u00e9s val\u00f3s\u00e1gnak megfelel\u0151 megad\u00e1s\u00e1ra. A regisztr\u00e1ci\u00f3 v\u00e9gleges\u00edt\u00e9s\u00e9hez az al\u00e1bbi nyilatkozatok elfogad\u00e1sa k\u00f6telez\u0151: A regisztr\u00e1ci\u00f3 beny\u00fajt\u00e1s\u00e1val egyidej\u0171leg az [&hellip;]<\/p>\n","protected":false},"author":1,"featured_media":0,"parent":0,"menu_order":0,"comment_status":"closed","ping_status":"closed","template":"","meta":{"footnotes":""},"class_list":["post-36","page","type-page","status-publish","hentry"],"_links":{"self":[{"href":"https:\/\/palyazat.uni-obuda.hu\/palyazatiportal\/wp-json\/wp\/v2\/pages\/36","targetHints":{"allow":["GET"]}}],"collection":[{"href":"https:\/\/palyazat.uni-obuda.hu\/palyazatiportal\/wp-json\/wp\/v2\/pages"}],"about":[{"href":"https:\/\/palyazat.uni-obuda.hu\/palyazatiportal\/wp-json\/wp\/v2\/types\/page"}],"author":[{"embeddable":true,"href":"https:\/\/palyazat.uni-obuda.hu\/palyazatiportal\/wp-json\/wp\/v2\/users\/1"}],"replies":[{"embeddable":true,"href":"https:\/\/palyazat.uni-obuda.hu\/palyazatiportal\/wp-json\/wp\/v2\/comments?post=36"}],"version-history":[{"count":7,"href":"https:\/\/palyazat.uni-obuda.hu\/palyazatiportal\/wp-json\/wp\/v2\/pages\/36\/revisions"}],"predecessor-version":[{"id":215,"href":"https:\/\/palyazat.uni-obuda.hu\/palyazatiportal\/wp-json\/wp\/v2\/pages\/36\/revisions\/215"}],"wp:attachment":[{"href":"https:\/\/palyazat.uni-obuda.hu\/palyazatiportal\/wp-json\/wp\/v2\/media?parent=36"}],"curies":[{"name":"wp","href":"https:\/\/api.w.org\/{rel}","templated":true}]}}