{"id":8,"date":"2025-02-18T09:45:19","date_gmt":"2025-02-18T09:45:19","guid":{"rendered":"https:\/\/palyazat.uni-obuda.hu\/palyazatiportal\/?page_id=8"},"modified":"2025-05-26T12:54:36","modified_gmt":"2025-05-26T12:54:36","slug":"fooldal","status":"publish","type":"page","link":"https:\/\/palyazat.uni-obuda.hu\/palyazatiportal\/","title":{"rendered":"\u00dcDV\u00d6Z\u00d6LJ\u00dcK AZ \u00d3BUDAI EGYETEM EK\u00d6P PORT\u00c1LJ\u00c1N!"},"content":{"rendered":"\n<p class=\"has-text-align-center\">Az EK\u00d6P Port\u00e1l az \u00d3budai Egyetem Egyetemi Kutat\u00f3i \u00d6szt\u00f6nd\u00edjprogramjaihoz biztos\u00edt elektronikus hozz\u00e1f\u00e9r\u00e9st.<\/p>\n\n\n\n<p class=\"has-text-align-center\">A fel\u00fclet c\u00e9lja, hogy egyszer\u0171, biztons\u00e1gos \u00e9s \u00e1tl\u00e1that\u00f3 elektronikus \u00fcgyint\u00e9z\u00e9si lehet\u0151s\u00e9get ny\u00fajtson minden p\u00e1ly\u00e1z\u00f3 \u00e9s k\u00f6zrem\u0171k\u00f6d\u0151 sz\u00e1m\u00e1ra.<\/p>\n\n\n\n<p>A port\u00e1lon kereszt\u00fcl:<\/p>\n\n\n\n<ul class=\"wp-block-list\">\n<li>t\u00e1j\u00e9koz\u00f3dhat az aktu\u00e1lis p\u00e1ly\u00e1zati felh\u00edv\u00e1sokr\u00f3l,<\/li>\n\n\n\n<li>beny\u00fajthatja \u00e9s nyomon k\u00f6vetheti p\u00e1ly\u00e1zatait,<\/li>\n\n\n\n<li>el\u00e9rheti a sz\u00fcks\u00e9ges dokumentumokat \u00e9s sablonokat,<\/li>\n\n\n\n<li>kapcsolatba l\u00e9phet a program lebonyol\u00edt\u00f3ival.<\/li>\n<\/ul>\n\n\n\n<hr class=\"wp-block-separator has-alpha-channel-opacity\"\/>\n\n\n\n<p><strong><em>\u00daj felhaszn\u00e1l\u00f3?<\/em><\/strong> <a href=\"https:\/\/palyazat.uni-obuda.hu\/palyazatiportal\/register\/\" data-type=\"link\" data-id=\"https:\/\/palyazat.uni-obuda.hu\/palyazatiportal\/register\/\"><strong>Regisztr\u00e1ljon<\/strong><\/a> most \u00e9s ne maradjon le a lehet\u0151s\u00e9gekr\u0151l!<\/p>\n\n\n\n<p><strong><em>M\u00e1r regisztr\u00e1lt?<\/em><\/strong> <a href=\"https:\/\/palyazat.uni-obuda.hu\/palyazatiportal\/login\/\" data-type=\"link\" data-id=\"https:\/\/palyazat.uni-obuda.hu\/palyazatiportal\/login\/\"><strong>Jelentkezzen be<\/strong><\/a> \u00e9s kezelje p\u00e1ly\u00e1zatait egyszer\u0171en!<\/p>\n\n\n\n<p class=\"has-text-align-center\"><strong>Eredm\u00e9nyes t\u00e1mogat\u00e1si ig\u00e9nyl\u00e9st \u00e9s sikeres projektv\u00e9grehajt\u00e1st k\u00edv\u00e1nunk!<\/strong><\/p>\n\n\n\n<style>\n.entry-title {\n    text-align: center;\n}\n<\/style>\n","protected":false},"excerpt":{"rendered":"<p>Az EK\u00d6P Port\u00e1l az \u00d3budai Egyetem Egyetemi Kutat\u00f3i \u00d6szt\u00f6nd\u00edjprogramjaihoz biztos\u00edt elektronikus hozz\u00e1f\u00e9r\u00e9st. A fel\u00fclet c\u00e9lja, hogy egyszer\u0171, biztons\u00e1gos \u00e9s \u00e1tl\u00e1that\u00f3 elektronikus \u00fcgyint\u00e9z\u00e9si lehet\u0151s\u00e9get ny\u00fajtson minden p\u00e1ly\u00e1z\u00f3 \u00e9s k\u00f6zrem\u0171k\u00f6d\u0151 sz\u00e1m\u00e1ra. A port\u00e1lon kereszt\u00fcl: \u00daj felhaszn\u00e1l\u00f3? Regisztr\u00e1ljon most \u00e9s ne maradjon le a lehet\u0151s\u00e9gekr\u0151l! M\u00e1r regisztr\u00e1lt? Jelentkezzen be \u00e9s kezelje p\u00e1ly\u00e1zatait egyszer\u0171en! Eredm\u00e9nyes t\u00e1mogat\u00e1si ig\u00e9nyl\u00e9st \u00e9s sikeres [&hellip;]<\/p>\n","protected":false},"author":1,"featured_media":0,"parent":0,"menu_order":0,"comment_status":"closed","ping_status":"closed","template":"","meta":{"footnotes":""},"class_list":["post-8","page","type-page","status-publish","hentry"],"_links":{"self":[{"href":"https:\/\/palyazat.uni-obuda.hu\/palyazatiportal\/wp-json\/wp\/v2\/pages\/8","targetHints":{"allow":["GET"]}}],"collection":[{"href":"https:\/\/palyazat.uni-obuda.hu\/palyazatiportal\/wp-json\/wp\/v2\/pages"}],"about":[{"href":"https:\/\/palyazat.uni-obuda.hu\/palyazatiportal\/wp-json\/wp\/v2\/types\/page"}],"author":[{"embeddable":true,"href":"https:\/\/palyazat.uni-obuda.hu\/palyazatiportal\/wp-json\/wp\/v2\/users\/1"}],"replies":[{"embeddable":true,"href":"https:\/\/palyazat.uni-obuda.hu\/palyazatiportal\/wp-json\/wp\/v2\/comments?post=8"}],"version-history":[{"count":8,"href":"https:\/\/palyazat.uni-obuda.hu\/palyazatiportal\/wp-json\/wp\/v2\/pages\/8\/revisions"}],"predecessor-version":[{"id":172,"href":"https:\/\/palyazat.uni-obuda.hu\/palyazatiportal\/wp-json\/wp\/v2\/pages\/8\/revisions\/172"}],"wp:attachment":[{"href":"https:\/\/palyazat.uni-obuda.hu\/palyazatiportal\/wp-json\/wp\/v2\/media?parent=8"}],"curies":[{"name":"wp","href":"https:\/\/api.w.org\/{rel}","templated":true}]}}